tor of 426560 and 3225?
215
What is the highest common divisor of 3183823 and 101?
101
Calculate the greatest common factor of 271604 and 2.
2
Calculate the greatest common divisor of 7094952 and 1296.
648
Calculate the greatest common factor of 37638 and 816.
102
What is the greatest common divisor of 24353 and 7546?
343
Calculate the highest common divisor of 176800 and 1088.
544
What is the highest common divisor of 18 and 3114?
18
Calculate the greatest common factor of 960273 and 253.
23
What is the highest common divisor of 244 and 108824?
244
What is the greatest common divisor of 178830 and 690?
30
What is the highest common factor of 1251 and 15?
3
What is the highest common factor of 320 and 212960?
160
What is the greatest common factor of 455 and 1224041?
91
Calculate the highest common divisor of 136 and 21114.
34
What is the greatest common factor of 792887 and 62?
31
Calculate the greatest common divisor of 18065280 and 1920.
1920
What is the greatest common factor of 399 and 2039954?
133
What is the highest common divisor of 258646 and 158?
158
What is the highest common factor of 12512 and 305440?
736
What is the greatest common factor of 148350 and 3036?
138
Calculate the greatest common factor of 3151 and 506.
23
Calculate the highest common divisor of 1632 and 9452.
68
What is the highest common divisor of 200617 and 7?
1
Calculate the highest common factor of 1220 and 41968.
244
Calculate the greatest common factor of 3747407 and 43.
43
Calculate the highest common factor of 3968 and 123776.
128
What is the greatest common divisor of 24700 and 9120?
380
What is the greatest common divisor of 78 and 5238?
6
What is the highest common factor of 13708 and 6407?
149
What is the greatest common divisor of 26 and 59267?
13
Calculate the greatest common divisor of 8142 and 159114.
138
What is the greatest common divisor of 252 and 13713?
21
What is the greatest common divisor of 611376 and 2538?
282
What is the highest common divisor of 753 and 278359?
251
Calculate the highest common factor of 756 and 1820502.
54
Calculate the highest common factor of 5166 and 1134.
126
What is the greatest common factor of 8811 and 297?
99
Calculate the greatest common divisor of 59 and 337303.
59
What is the greatest common factor of 176229 and 57645?
1647
Calculate the greatest common factor of 98 and 86.
2
Calculate the highest common divisor of 1504 and 824944.
752
What is the highest common factor of 25298 and 28?
14
What is the highest common factor of 9150 and 3000?
150
What is the greatest common factor of 203 and 340837?
203
What is the greatest common divisor of 112710 and 68?
34
Calculate the highest common divisor of 15182797 and 49.
49
What is the highest common factor of 52569 and 8580?
33
Calculate the greatest common factor of 2720195 and 295.
295
What is the greatest common divisor of 349 and 1237205?
349
What is the highest common factor of 121676 and 76?
76
What is the highest common factor of 1591796 and 188?
188
What is the highest common factor of 912 and 13176?
24
What is the highest common divisor of 15989 and 1121?
59
Calculate the highest common factor of 744 and 33945.
93
Calculate the highest common factor of 885 and 46810.
5
What is the greatest common divisor of 3685 and 233365?
55
Calculate the greatest common factor of 1030 and 27130.
10
Calculate the highest common divisor of 220540 and 420.
20
Calculate the greatest common divisor of 1760 and 2920.
40
Calculate the greatest common divisor of 52 and 346268.
52
Calculate the highest common factor of 416 and 8912.
16
Calculate the greatest common factor of 257013 and 6.
3
Calculate the greatest common factor of 9168 and 142486.
382
Calculate the greatest common factor of 468 and 1068.
12
Calculate the highest common divisor of 148 and 207866.
74
Calculate the highest common factor of 594178 and 91.
13
Calculate the highest common divisor of 78 and 12450.
6
Calculate the highest common divisor of 4 and 87.
1
What is the highest common factor of 300 and 10410?
30
Calculate the highest common divisor of 2136 and 1869.
267
Calculate the greatest common divisor of 43450 and 150.
50
Calculate the highest common factor of 194 and 57133.
97
Calculate the highest common factor of 5719 and 12901.
133
Calculate the highest common divisor of 1734130 and 760.
190
Calculate the highest common divisor of 27 and 277488.
9
What is the greatest common divisor of 405 and 70335?
135
What is the highest common divisor of 3 and 30456?
3
Calculate the greatest common divisor of 730 and 3270.
10
Calculate the highest common divisor of 27 and 136053.
27
Calculate the highest common divisor of 120 and 179328.
24
Calculate the greatest common divisor of 142 and 47783.
71
What is the highest common factor of 7598 and 246542?
262
What is the highest common divisor of 8586 and 848?
106
What is the greatest common divisor of 9427 and 305092?
857
What is the greatest common divisor of 3 and 442783?
1
What is the greatest common divisor of 2953 and 32716287?
2953
What is the highest common divisor of 7513 and 68983?
683
What is the greatest common divisor of 9 and 1106964?
9
Calculate the greatest common factor of 3948 and 225788.
188
Calculate the highest common divisor of 312017 and 509.
509
Calculate the greatest common factor of 1147 and 496.
31
Calculate the greatest common factor of 618 and 6.
6
Calculate the highest common factor of 17680 and 10166.
442
Calculate the greatest common factor of 60330 and 3.
3
Calculate the highest common divisor of 692385 and 555.
15
What is the highest common divisor of 288 and 13504?
32
Calculate the highest common factor of 5472 and 13984.
608
Calculate the greatest common factor of 1589 and 318027.
227
Calculate the highest common divisor of 353032 and 40.
8
Calculate the greatest common divisor of 101952 and 392232.
1416
What is the greatest common divisor of 298829 and 1057?
151
Calculate the highest common factor of 203 and 5452.
29
What is the greatest common factor of 563 and 18016?
563
What is the greatest common divisor of 11611 and 1275?
17
Calculate the highest common divisor of 142655 and 87550.
515
Calculate the greatest common divisor of 12 and 765489.
3
What is the greatest common factor of 306 and 13662?
18
What is the greatest common divisor of 1 and 691?
1
Calculate the highest common divisor of 79344 and 10488.
456
What is the greatest common divisor of 206352 and 1224?
72
Calculate the highest common factor of 1654 and 1497697.
827
What is the greatest common factor of 375 and 5500?
125
What is the highest common divisor of 23345 and 19285?
1015
What is the highest common divisor of 56 and 382186?
14
What is the greatest common divisor of 8108 and 172?
4
What is the greatest common divisor of 858 and 1248?
78
What is the highest common factor of 1347348 and 24?
12
What is the greatest common divisor of 1403 and 55177?
23
What is the greatest common divisor of 1067699 and 94?
47
What is the greatest common divisor of 47926 and 155?
31
Calculate the greatest common factor of 776 and 8342.
194
Calculate the greatest common factor of 40875 and 13875.
375
What is the highest common divisor of 83895 and 1504?
47
Calculate the highest common factor of 375 and 23595.
15
What is the highest common divisor of 360 and 6714?
18
Calculate the greatest common divisor of 920 and 52808.
184
Calculate the greatest common divisor of 2 and 113591.
1
Calculate the highest common divisor of 14964 and 1806.
258
Calculate the highest common factor of 3 and 329.
1
What is the highest common divisor of 262933 and 1007?
53
Calculate the greatest common divisor of 340 and 8980.
20
What is the greatest common divisor of 3780 and 63270?
90
Calculate the greatest common divisor of 273405 and 330.
165
What is the greatest common factor of 43875 and 3575?
325
Calculate the greatest common divisor of 130 and 893360.
130
Calculate the highest common divisor of 9 and 11133.
9
What is the highest common divisor of 1106 and 280?
14
What is the greatest common factor of 28 and 141939?
7
What is the highest common factor of 42 and 480273?
3
What is the greatest common divisor of 57870 and 810?
90
What is the highest common divisor of 364832 and 13?
13
What is the highes